Give b(-17).
-26
Let v(b) = -b**3 + 293*b**2 - 4583*b + 1252978. Determine v(292).
6
Let j(b) = -3*b**3 - 230*b**2 - 204*b - 872. What is j(-76)?
3080
Let r(y) = -4605*y - 50687. What is r(-11)?
-32
Let z(x) = 9*x**2 + 3029*x - 12152. What is z(4)?
108
Let c(h) = -699*h - 96456. What is c(-138)?
6
Let l(x) = -2*x**3 - 437*x**2 + 1129*x + 5272. Give l(-221).
-32
Let g(v) = -145*v - 12120. Give g(-79).
-665
Let s(r) = -4*r**3 + 71*r**2 - 165*r + 848. Give s(16).
0
Let i(t) = 3*t**2 + 9468*t - 520012. Calculate i(54).
8
Let r(g) = g**3 - 94*g**2 + 240*g + 2781. Calculate r(91).
-222
Let g(n) = 650*n + 6432. Calculate g(-9).
582
Let f(k) = 2*k**3 - 43*k**2 - 602*k - 759. Give f(-10).
-1039
Let q(k) = -144*k**2 - 326*k - 11. Determine q(-3).
-329
Let z(g) = 2*g**3 + 5*g**2 - 149*g - 554. What is z(-4)?
-6
Let d(i) = -25555*i - 127882. What is d(-5)?
-107
Let a(i) = -22350*i - 759830. Calculate a(-34).
70
Let w(s) = -3734*s + 769216. Give w(206).
12
Let v(l) = l**2 + 142*l - 23866. Calculate v(99).
-7
Let y(i) = -99*i + 2401. What is y(9)?
1510
Let b(p) = -2885*p + 285607. What is b(99)?
-8
Let q(l) = 2*l**3 + 97*l**2 - 82*l - 1059. Give q(-49).
558
Let b(h) = 13*h**2 - 11389*h - 1142999. Determine b(967).
-5
Let x(r) = -10154*r + 101103. Determine x(10).
-437
Let v(b) = 15221*b - 2724551. Give v(179).
8
Let r(w) = w**3 + 49*w**2 + 313*w + 473. Calculate r(-5).
8
Let i(h) = -1544*h + 29260. Calculate i(19).
-76
Let t(b) = 3336*b + 296912. What is t(-89)?
8
Let w(v) = -v**2 + 99*v - 104. What is w(61)?
2214
Let s(d) = -4158*d - 174746. Calculate s(-42).
-110
Let d(m) = 2*m**2 + 24715*m - 148263. Give d(6).
99
Let b(w) = 14251*w - 3120966. What is b(219)?
3
Let v(a) = -a**3 - 15*a**2 + 20*a + 441. Determine v(-6).
-3
Let p(j) = 56684*j + 1587149. Calculate p(-28).
-3
Let s(b) = -21*b**2 + 359*b + 9. Determine s(6).
1407
Let y(w) = -5*w**2 - 371*w + 761. Determine y(2).
-1
Let q(j) = -14*j**2 - 18*j - 69. Determine q(-4).
-221
Let p(i) = -780*i - 21891. Calculate p(-28).
-51
Let v(j) = j**3 - 23*j**2 + 7*j + 801. Determine v(23).
962
Let o(a) = -19*a**2 - 8986*a + 44988. Determine o(5).
-417
Let t(x) = -3*x**2 + 102*x - 574. Determine t(24).
146
Let h(s) = -s**3 + 912*s**2 - 8122*s - 16. Give h(9).
29
Let d(y) = -3*y**2 - 47*y + 4253. Give d(-44).
513
Let n(t) = -5045*t + 368304. Give n(73).
19
Let s(q) = 477*q**2 + 61450*q - 10703. Give s(-129).
4
Let z(m) = 3919*m**2 + 50692*m - 3315. What is z(-13)?
0
Let j(y) = 2*y**3 + 4*y**2 - 13*y - 27. Determine j(-2).
-1
Let y(o) = 2*o**3 + 77*o**2 + 121*o + 3084. What is y(-38)?
-70
Let y(n) = n**2 - 92*n + 1056. What is y(71)?
-435
Let h(r) = 33*r**3 + 657*r**2 + 22*r + 461. Calculate h(-20).
-1179
Let k(o) = -73020*o - 72564. Determine k(-1).
456
Let k(p) = 717*p**2 - 257475*p + 25838. Determine k(359).
-10
Let y(k) = -43*k**2 + 1372*k + 162. Determine y(32).
34
Let w(s) = -6*s**3 - 61*s**2 + 75*s + 1087. Calculate w(-13).
2985
Let r(m) = 8064*m + 16407. Calculate r(-2).
279
Let i(r) = 10*r**3 + 26*r**2 - 134*r + 202. Determine i(3).
304
Let h(k) = k**3 + 116*k**2 - 1649*k - 22. What is h(13)?
342
Let z(w) = -292*w**2 + 24232*w + 322. Calculate z(83).
-10
Let s(o) = 3598*o - 96677. Determine s(27).
469
Let l(a) = 3780*a + 18902. What is l(-5)?
2
Let l(y) = -122559*y + 122090. Determine l(1).
-469
Let b(c) = c**3 + 76*c**2 - 723*c + 56. Give b(9).
434
Let d(t) = -7*t**2 - 12732*t + 114699. What is d(9)?
-456
Let b(a) = -a**3 - 4*a**2 + 60*a - 71. Determine b(6).
-71
Let i(p) = -p**2 + 63472*p - 507673. Determine i(8).
39
Let p(s) = s**2 + 94*s - 7095. Determine p(50).
105
Let l(c) = -c**3 - 7*c**2 + 47*c - 346. Give l(7).
-703
Let n(y) = -315*y**3 + 367*y + 736. What is n(-2)?
2522
Let r(d) = -3*d**3 + 533*d**2 + 711*d + 955. Give r(179).
60
Let p(n) = 18602*n + 6733964. Give p(-362).
40
Let u(i) = 3938*i**3 - 3*i**2 - 12*i - 11. What is u(-1)?
-3940
Let y(z) = -211*z**2 - 272*z - 54. What is y(-1)?
7
Let i(k) = 3948*k - 75041. Calculate i(19).
-29
Let k(n) = 443660*n + 5767584. Calculate k(-13).
4
Let f(r) = r**2 - 680*r - 370317. Calculate f(-357).
-108
Let r(m) = 11639*m + 116479. Determine r(-10).
89
Let b(f) = 6733*f + 53851. Give b(-8).
-13
Let d(j) = -339*j + 64045. What is d(188)?
313
Let h(w) = w**3 + 359*w**2 - 2888*w + 17659. Give h(-367).
43
Let p(b) = 122026*b - 732062. Determine p(6).
94
Let t(i) = -i**2 - 80*i - 539. What is t(-7)?
-28
Let p(c) = -2*c**3 + 263*c**2 - 394*c + 170. What is p(130)?
-350
Let w(v) = 2817*v + 1340852. Give w(-476).
-40
Let m(d) = d**3 - 15*d**2 - 934*d + 348. What is m(38)?
-1932
Let a(j) = j**3 - 48*j**2 - 39*j - 3068. Determine a(50).
-18
Let a(s) = -12*s**3 - 33*s**2 - 172*s - 531. Determine a(-3).
12
Let c(b) = -5*b**3 - 1003*b**2 - 605*b - 800. Determine c(-200).
200
Let s(d) = -6*d**3 - 463*d**2 + 3989*d - 512. Calculate s(-85).
-2
Let n(d) = -2*d**2 + 389*d + 4606. What is n(-12)?
-350
Let s(f) = 38965*f - 21235927. Calculate s(545).
-2
Let m(g) = 3*g**3 + 385*g**2 + 3972*g - 842. Give m(-117).
-140
Let q(w) = -3*w**3 + 19*w**2 + 5*w - 126. What is q(7)?
-189
Let r(j) = -j**2 - 127*j + 8194. Calculate r(48).
-206
Let p(q) = -q**3 + 68*q**2 - 544*q + 880. Determine p(59).
113
Let x(d) = -d**2 - 1628719*d - 16287079. Determine x(-10).
11
Let t(a) = -14932*a - 74685. Give t(-5).
-25
Let f(p) = -2*p**3 - 124*p**2 - 108*p + 798. What is f(-61)?
-56
Let m(x) = -x**3 + 196*x**2 + 1008*x - 350. What is m(201)?
253
Let y(n) = -n**3 - 46*n**2 + 891*n + 44976. Determine y(-41).
40
Let z(o) = 814*o**2 - 1664*o + 81. Calculate z(2).
9
Let q(r) = 35*r**2 + 393*r + 1045. Calculate q(-7).
9
Let b(f) = -21*f**2 + 282*f - 807. Give b(5).
78
Let d(r) = 246*r**2 + 28*r - 188. Determine d(-2).
740
Let k(m) = 3965*m + 2787396. Determine k(-703).
1
Let t(k) = -14641*k - 307453. Give t(-21).
8
Let v(q) = 8*q**2 + 1818*q + 14442. What is v(-8)?
410
Let y(i) = 13*i**2 + 184*i + 559. Give y(-11).
108
Let b(n) = -n**3 - 146*n**2 + 1232*n - 7. Give b(-154).
-7
Let w(c) = 865415*c + 8654143. What is w(-10)?
-7
Let l(j) = -5*j**3 + 85*j**2 - 53*j + 874. What is l(17)?
-27
Let r(h) = 24*h**3 + 1859*h**2 - 1014*h - 19. Give r(-78).
-19
Let u(w) = 4*w**2 - 497*w - 31437. Give u(-46).
-111
Let c(i) = -308*i**2 - 364*i - 117. Calculate c(-1).
-61
Let n(g) = -7362*g + 1266277. Give n(172).
13
Let w(t) = 3*t**2 + 123*t + 1312. Calculate w(-11).
322
Let z(j) = -13*j**2 - 212*j - 517. Give z(-12).
155
Let l(c) = 1129*c - 82166. Give l(72).
-878
Let z(a) = -181*a**2 + 433*a - 1340. Calculate z(3).
-1670
Let m(r) = 432*r - 20844. Give m(46).
-972
Let c(y) = -y**3 + 544*y**2 - 384*y - 86329. What is c(543)?
8
Let u(o) = -3*o**3 + 1693*o**2 - 11733*o + 199. What is u(7)?
-4
Let j(y) = -4*y**3 + 825*y**2 - 141*y - 13389. Calculate j(206).
1
Let w(b) = -b**3 + 36*b**2 + 433*b - 7288. Calculate w(42).
314
Let s(v) = -v**3 - 109*v**2 + 2495*v + 7. Calculate s(19).
1204
Let m(x) = -301*x + 3745. Calculate m(23).
-3178
Let a(t) = 5*t**3 - 3913*t**2 - 5484*t - 3092. Give a(784).
44
Let r(i) = -2*i**3 + 296*i**2 + 668*i - 55125. What is r(149)?
5
Let w(q) = 658*q + 39395. Determine w(-60).
-85
Let t(s) = -55685*s + 5122945. What is t(92)?
-75
Let o(f) = -7*f**2 + 261*f + 3163. What is o(47)?
-33
Let m(y) = -y**3 - 94*y**2 - 1681*y + 15. What is m(-25)?
-1085
Let g(r) = -50*r - 2944. What is g(-52)?
-344
Let f(p) = 3*p**2 - 45*p - 33. What is f(18)?
129
Let g(v) = -2129*v - 159711. What is g(-75)?
-36
Let c(p) = -63138*p + 189393. What is c(3)?
-21
Let f(q) = 37670*q - 640398. Determine f(17).
-8
Let z(k) = 140*k + 590. What is z(4)?
1150
Let o(a) = -107*a**2 + 721*a - 70. Give o(7).
-266
Let l(b) = 21265*b - 382750. Determine l(18).
20
Let j(g) = 4326*g - 29979. Determine j(7).
303
Let y(a) = a**2 - 66*a - 9969. Give y(-72).
-33
Let x(h) = -443037*h + 9303772. Give x(21).
-5
Let j(p) = -2*p**3 + 53*p**2 - 81*p + 18. Determine j(24).
954
Let b(y) = -4*y**2 - 195*y + 370. Calculate b(-54).
-764
Let g(v) = -6*v**2 + 389*v - 289. Give g(61).
1114
Let r(y) = -7*y**3 + 3*y**2 - 6*y - 18. Give r(5).
-848
Let u(t) = 574*t**2 - 4599*t + 264. Determine u(8).
208
Let i(w) = 2*w**3 - 265*w**2 - 127*w - 451. What is i(133)?
347
Let m(u) = -37*u**2 + 2913*u + 767. Calculate m(79).
-23
Let p(y) = -y**3 - 209*y**2 - 1028